181
List the prime factors of 50581.
50581
List the prime factors of 26183.
26183
List the prime factors of 12644.
2, 29, 109
List the prime factors of 30587.
73, 419
What are the prime factors of 13776?
2, 3, 7, 41
List the prime factors of 751.
751
What are the prime factors of 4245?
3, 5, 283
What are the prime factors of 3472?
2, 7, 31
List the prime factors of 65943.
3, 17, 431
What are the prime factors of 2509?
13, 193
What are the prime factors of 5196?
2, 3, 433
List the prime factors of 54935.
5, 10987
List the prime factors of 25886.
2, 7, 43
List the prime factors of 19635.
3, 5, 7, 11, 17
List the prime factors of 439.
439
What are the prime factors of 50?
2, 5
List the prime factors of 7116.
2, 3, 593
What are the prime factors of 7166?
2, 3583
What are the prime factors of 17292?
2, 3, 11, 131
What are the prime factors of 26304?
2, 3, 137
What are the prime factors of 13583?
17, 47
List the prime factors of 12824.
2, 7, 229
What are the prime factors of 3145?
5, 17, 37
List the prime factors of 440.
2, 5, 11
What are the prime factors of 161?
7, 23
List the prime factors of 14567.
7, 2081
List the prime factors of 562.
2, 281
What are the prime factors of 21900?
2, 3, 5, 73
What are the prime factors of 10301?
10301
What are the prime factors of 147?
3, 7
What are the prime factors of 910?
2, 5, 7, 13
List the prime factors of 428.
2, 107
List the prime factors of 1946.
2, 7, 139
List the prime factors of 2040.
2, 3, 5, 17
What are the prime factors of 66411?
3, 47, 157
What are the prime factors of 31553?
139, 227
What are the prime factors of 23484?
2, 3, 19, 103
List the prime factors of 75223.
75223
List the prime factors of 179041.
179041
List the prime factors of 969.
3, 17, 19
List the prime factors of 3635.
5, 727
List the prime factors of 11945.
5, 2389
List the prime factors of 91069.
11, 17, 487
List the prime factors of 912.
2, 3, 19
What are the prime factors of 12087?
3, 17, 79
What are the prime factors of 7231?
7, 1033
List the prime factors of 13276.
2, 3319
What are the prime factors of 42?
2, 3, 7
List the prime factors of 3421.
11, 311
What are the prime factors of 764?
2, 191
List the prime factors of 20325.
3, 5, 271
What are the prime factors of 18379?
18379
List the prime factors of 64547.
7, 9221
List the prime factors of 4844.
2, 7, 173
What are the prime factors of 35325?
3, 5, 157
What are the prime factors of 3331?
3331
What are the prime factors of 74237?
61, 1217
What are the prime factors of 4424?
2, 7, 79
What are the prime factors of 1825?
5, 73
List the prime factors of 389.
389
What are the prime factors of 170267?
170267
What are the prime factors of 12608?
2, 197
What are the prime factors of 1412?
2, 353
List the prime factors of 772.
2, 193
List the prime factors of 90341.
61, 1481
What are the prime factors of 892?
2, 223
What are the prime factors of 20092?
2, 5023
What are the prime factors of 10190?
2, 5, 1019
List the prime factors of 12605.
5, 2521
What are the prime factors of 7876?
2, 11, 179
List the prime factors of 5602.
2, 2801
List the prime factors of 4340.
2, 5, 7, 31
List the prime factors of 1055.
5, 211
What are the prime factors of 2484?
2, 3, 23
List the prime factors of 443.
443
What are the prime factors of 2036?
2, 509
What are the prime factors of 98169?
3, 43, 761
What are the prime factors of 917?
7, 131
List the prime factors of 527.
17, 31
List the prime factors of 804.
2, 3, 67
List the prime factors of 43612.
2, 10903
What are the prime factors of 13454?
2, 7, 31
List the prime factors of 81008.
2, 61, 83
What are the prime factors of 18144?
2, 3, 7
List the prime factors of 82651.
82651
List the prime factors of 11223.
3, 29, 43
What are the prime factors of 4953?
3, 13, 127
List the prime factors of 1725.
3, 5, 23
What are the prime factors of 31776?
2, 3, 331
What are the prime factors of 1820?
2, 5, 7, 13
What are the prime factors of 77742?
2, 3, 7, 617
What are the prime factors of 45199?
7, 11, 587
What are the prime factors of 19607?
7, 2801
List the prime factors of 184565.
5, 36913
List the prime factors of 282.
2, 3, 47
What are the prime factors of 7554?
2, 3, 1259
List the prime factors of 447.
3, 149
What are the prime factors of 615?
3, 5, 41
What are the prime factors of 13264?
2, 829
What are the prime factors of 20746?
2, 11, 23, 41
What are the prime factors of 12531?
3, 4177
What are the prime factors of 339?
3, 113
List the prime factors of 10915.
5, 37, 59
What are the prime factors of 2194?
2, 1097
List the prime factors of 963.
3, 107
What are the prime factors of 1192?
2, 149
List the prime factors of 3976.
2, 7, 71
List the prime factors of 31209.
3, 101, 103
List the prime factors of 3369.
3, 1123
List the prime factors of 50772.
2, 3, 4231
What are the prime factors of 1614?
2, 3, 269
List the prime factors of 1284.
2, 3, 107
List the prime factors of 11258.
2, 13, 433
List the prime factors of 1211.
7, 173
What are the prime factors of 369?
3, 41
List the prime factors of 3561.
3, 1187
What are the prime factors of 4170?
2, 3, 5, 139
What are the prime factors of 288?
2, 3
What are the prime factors of 119?
7, 17
What are the prime factors of 1584?
2, 3, 11
What are the prime factors of 8661?
3, 2887
What are the prime factors of 3012?
2, 3, 251
List the prime factors of 25105.
5, 5021
What are the prime factors of 105874?
2, 52937
List the prime factors of 876.
2, 3, 73
List the prime factors of 85918.
2, 7, 17, 19
List the prime factors of 39620.
2, 5, 7, 283
What are the prime factors of 2666?
2, 31, 43
List the prime factors of 1128.
2, 3, 47
What are the prime factors of 2108?
2, 17, 31
List the prime factors of 6682.
2, 13, 257
List the prime factors of 34409.
19, 1811
List the prime factors of 1080.
2, 3, 5
List the prime factors of 373.
373
What are the prime factors of 747?
3, 83
List the prime factors of 652.
2, 163
What are the prime factors of 1764?
2, 3, 7
List the prime factors of 12873.
3, 7, 613
List the prime factors of 52188.
2, 3, 4349
What are the prime factors of 7697?
43, 179
What are the prime factors of 24281?
24281
List the prime factors of 956.
2, 239
What are the prime factors of 48838?
2, 24419
What are the prime factors of 2373?
3, 7, 113
List the prime factors of 22018.
2, 101, 109
What are the prime factors of 19039?
79, 241
What are the prime factors of 508?
2, 127
List the prime factors of 25662.
2, 3, 7, 13, 47
List the prime factors of 1452.
2, 3, 11
List the prime factors of 48256.
2, 13, 29
List the prime factors of 3669.
3, 1223
List the prime factors of 1172.
2, 293
List the prime factors of 34364.
2, 11, 71
List the prime factors of 4053.
3, 7, 193
What are the prime factors of 3412?
2, 853
What are the prime factors of 23563?
23563
What are the prime factors of 193?
193
List the prime factors of 686.
2, 7
List the prime factors of 1660.
2, 5, 83
List the prime factors of 2099.
2099
What are the prime factors of 1864?
2, 233
What are the prime factors of 502?
2, 251
What are the prime factors of 3427?
23, 149
List the prime factors of 11347.
7, 1621
List the prime factors of 7750.
2, 5, 31
List the prime factors of 504.
2, 3, 7
What are the prime factors of 44441?
19, 2339
List the prime factors of 25391.
25391
List the prime factors of 2396.
2, 599
List the prime factors of 939.
3, 313
What are the prime factors of 9476?
2, 23, 103
List the prime factors of 10047.
3, 17, 197
What are the prime factors of 41?
41
What are the prime factors of 7336?
2, 7, 131
What are the prime factors of 10215?
3, 5, 227
What are the prime factors of 15886?
2, 13, 47
List the prime factors of 19652.
2, 17
What are the prime factors of 69796?
2, 17449
What are the prime factors of 3559?
3559
List the prime factors of 162.
2, 3
What are the prime factors of 35?
5, 7
What are the prime factors of 3773?
7, 11
List the prime factors of 6570.
2, 3, 5, 73
List the prime factors of 21704.
2, 2713
What are the prime factors of 386?
2, 193
What are the prime factors of 3208?
2, 401
List the prime factors of 19.
19
List the prime factors of 1668.
2, 3, 139
List the prime factors of 7672.
2, 7, 137
List the prime factors of 16397.
19, 863
What are the prime factors of 26142?
2, 3, 4357
What are the prime factors of 